-33 - (69 - 146) - 40.
4
What is the value of 54 + -43 + 23 + 23 - (0 + 0 + 6)?
51
What is the value of (68 - (30 + 26)) + -31?
-19
Evaluate 38 + 13 + -10 + -25 - 20.
-4
What is (-208 - -255) + -1 - (-2 - (-1 + 7 + -2))?
52
Calculate 79 + -71 + (-27 - 21).
-40
What is the value of -39 + 52 + -75 - -34?
-28
What is the value of 7 - (-23 - (80 - 147))?
-37
-10 + 9 + (-6 - -5) + -2 + -18
-22
Calculate -22 - ((-5 - 10) + -3) - 0.
-4
112 + -83 + (-13 - (16 + 1))
-1
What is 100 - (10 + 75 + -44 + 5)?
54
Evaluate 2 - 7 - (0 - 2) - (-402 - -372).
27
6 + (15 - 6) + -66 - ((4 - 2) + -8)
-45
Evaluate 535 - 564 - (-73 + 4).
40
(-4 - (3 - 0) - (0 - 4)) + 10 - 69
-62
What is -305 + 225 - (36 + -12)?
-104
-1 + -32 + -128 + 116
-45
Calculate 8 - 6 - (2 + 0 - 4) - (0 - 6).
10
What is (3 - (9 + 0)) + -2 + (55 + -21 - 63)?
-37
Calculate -7 - (-12 - -60) - (-44 - -25).
-36
What is (-1 - 26) + (235 - 202) + 34?
40
What is (191 - 225) + 83 + -44?
5
Evaluate 100 + 13 - (13 + -13 - (-4 + 18)).
127
(47 - 23) + -21 + 49
52
Calculate 1 + (53 - 0) + (-8 - (-19 - -28) - -12).
49
Calculate 88 + -101 + -26 + 2 + -3.
-40
Evaluate -37 + 24 - (9 + (-26 - -59)).
-55
Calculate 44 + 2 + 4 + (-14 - -44) + -23.
57
Evaluate -86 - -84 - (-5 - -66).
-63
What is the value of 179 - (-74 + 183 + 21)?
49
Calculate 79 + -85 - (-132 - (-105 + 92 + 0 + 9)).
122
Calculate 17 + (54 - (-26 - -4 - (-42 - -25))).
76
34 + 0 - (1232 + -1224)
26
What is the value of -12 + (9 - -12 - -8) - (-107 - 7)?
131
What is -31 - (-1 - (18 + 44))?
32
What is 7 + -14 - (-8 + -63) - (-3 + 9 + 2)?
56
What is 4 + -23 + 15 + -14 + 3 + 12 + -11?
-14
(-4 - (-4 + -1 - (-26 - -31))) + -48
-42
-56 - 5 - (-115 + 53)
1
(6 - (-2 - -12) - -17) + -20 - 2
-9
Evaluate -8 + (21 - (-3 - -11) - -29) - 3.
31
What is -180 + 152 + (11 - 1)?
-18
What is the value of 88 + (3 + -45 - -28 - -13)?
87
What is 23 - -1 - (-1275 - -1320)?
-21
What is the value of -17 + -42 + (17 - -25)?
-17
What is -12174 + 12218 + 59 + 0?
103
(574 - 700) + -17 + 49
-94
What is 3 - 1 - (-26 + 33 + -10 + 8 - 99)?
96
Evaluate -21 - (-25 + 2) - -13 - -21.
36
What is 54 + (-51 + 78 - 44)?
37
(-2 - 68) + 1521 + -1470
-19
What is the value of -15 + 0 - (121 + 110 + -277)?
31
1 + -4 + (-153 + 135 - (-31 + 2))
8
Calculate 22 - (-16 + 32) - (4 - 5 - 49).
56
Calculate 78 + 9 - (5 - (-25 + (18 - 7))).
68
What is 42 + -26 + -30 + 16 + -3?
-1
What is 10 + -11 + (-16 - -34) + -50?
-33
Calculate -45 + -72 + 61 + 0 + 12 + 11.
-33
What is (1 - (13 - 1 - (-367 + 377))) + 14 + -12?
1
Evaluate 3 + -2 + 4 - 16 - (22 + 6 - 86).
47
Evaluate (-10 - -30) + -108 - -21 - -35.
-32
What is the value of -1 + -71 + 77 - (-2 + (-1 - 1))?
9
Calculate -54 + -1 - (-43 - (-71 - -29)).
-54
What is the value of (-102 - -58) + (2 - -11) + (5 - -3)?
-23
Calculate (-4 - 1) + (-32 + 11 - -9) + 69 + -2.
50
Calculate 0 - (53 - 43) - (-1 - (-5 + 0)).
-14
Calculate -38 - -53 - -69 - 49.
35
Evaluate 0 + 1 - (-168 + 20 + 159).
-10
What is the value of (53 - 51 - -43) + (-2 - 32)?
11
64 - 25 - (-1 - 1) - (2 + -8)
47
Evaluate (-1 - -15) + (-25 - 104) + 22.
-93
Evaluate 50 + (-9 - (-7 + 3) - (8 - (-6 + 28))).
59
-101 + -48 + 74 - -32
-43
What is the value of -19 + (18 + -5 - 1 - 13) + -9 + 10?
-19
20 + (-2 - (15 + (-1 - 0))) + -1033 + 1047
18
Evaluate 10 + -45 - (22 - 41).
-16
Evaluate (-11 - -2 - (-7 - 7)) + 75 + -73.
7
Calculate (-31 - -45) + 55 - (3 + 24).
42
-15 - -15 - -25 - 16 - (15 + -1)
-5
What is 93 - (22 + -35 + 1 + 10 + 3)?
92
What is -63 + (94 - 32) + -24?
-25
Evaluate 1 + -3 + 18 + -4 + 29.
41
Evaluate -36 + (44 - 1) + 11 + -86.
-68
Evaluate -15 - -78 - (36 - 5).
32
Evaluate -18 - (5 - 4 - (42 + -5 + -13)).
5
What is 33 - 2 - 12 - (119 - 118)?
18
What is the value of -137 + (-65 + 141 - -64)?
3
What is 18 + -4 - (12 + 4 + 7) - (0 - -48)?
-57
72 + (-68 - -84) - 70
18
What is -31 + 50 + -11 + 5 + -2 + 4?
15
What is the value of -73 + -47 + 93 + -2?
-29
What is the value of -19 + (89 - -1 - 80)?
-9
Calculate 6 + (-33 - -17) + -30 + 79.
39
Calculate 48 - (-4 - -12 - (52 - 66)).
26
Evaluate 56 - (-26 + 55) - 30 - 17.
-20
Calculate 43 - (12 - -28) - -21.
24
Evaluate -2 + 12 - 16 - ((-6 - 0) + 36 + 1).
-37
What is the value of -5 + 15 + -50 + 21 - -53?
34
Calculate 8 + (-11 - 17 - -16 - 46).
-50
Calculate (16 + 18 - -35) + -12 + -8.
49
What is the value of -16 + 7 + 24 + -120 + (8 - -16)?
-81
Evaluate (-36 + 10 + 15 - 17) + 13.
-15
What is 4 + 3 + (-9 - -27) + -15 - (-88 - -17)?
81
Evaluate 9 + (25 - (-1 - -42)) + 0 + -52.
-59
What is the value of 143 - (-6 - (15 + -102))?
62
What is the value of (24 - 31) + (2 - 12) + 57?
40
Calculate 31 + (-8 - 4) - 18 - 9.
-8
Evaluate 32 - (14 - -29) - (2 - (5 - 1) - 98).
89
What is -7061 - -7013 - (1 + (14 - -1 - 2))?
-62
What is the value of 51 + (-195 + 102 - -47)?
5
(-18 + 9 + -11 - 21) + 19
-22
What is 78 - (26 - ((10 - -6) + (-5 - -10)))?
73
What is the value of (0 - (1 - -6)) + (-10 + -2 - -17) + 7?
5
Calculate -3 + 52 + (-1 - 4) - ((15 - 14) + -3).
46
87 + -48 + (3 - 2 - (5 - (-2 - -3)))
36
What is (-61 - -2) + (-1 - -1) - (-44 + -61 - -95)?
-49
Evaluate (18 - (32 - 78)) + (2 + 0 - 1 - 7).
58
2 + -17 + (10 + -4 - (142 - 179))
28
(-135 - -7) + 89 - (2 - (-4 - (0 - -1)))
-46
What is the value of (-28 - -74) + -19 - 59?
-32
What is (13 - -6 - 14) + 5 + (4 - 4) + 3?
13
Evaluate -12 - (-41 + 15 - -35).
-21
Calculate (-57 - -115 - -154) + -94.
118
Calculate -2 + 2 - (-15 - (14 + -5 + 26)).
50
What is the value of 93 - 0 - (-28 + 2 + 6 + -5 + 17)?
101
What is (0 + -82 - 2 - ((1 - 33) + 38)) + 7?
-83
What is (19207 + -19239 - (-19 + 2 + -1)) + -11?
-25
What is the value of 26 + -21 + 8 + (-9 - (-34 + 0))?
38
Calculate (1 - 1) + -11 - ((0 - (-61 - -40)) + 34).
-66
Calculate -8 + -30 + 4 + -4 + 2 + 9 + -5.
-32
Calculate 11 + ((31 - 47) + 31 + -91 - (-16 - -1)).
-50
1933 - 1810 - (2 + 187)
-66
-39 + 46 + 6 - -5
18
What is the value of -93 + 48 + 14 + 0 + -2 - (-2 + -6)?
-25
Calculate -655 + 640 + (-2 - -35) + -2 + 1.
17
Evaluate 1 + 11 - (26 + -16 + 5 + -19 + -5).
21
What is the value of (-86 - -16) + -248 + 306?
-12
Evaluate (32 + -121 - -73) + (96 - 0).
80
What is 13 + 17 + (-116 - -1) + 19 + 4?
-62
Calculate (19 - 12 - (-5 - -11 - 3)) + 25 + 6.
35
What is the value of -24 + 24 + 26 + -23 - (-4 + -2)?
9
Evaluate 8 + -19 + 12 + 10 + -8 + -61.
-58
What is -11 + (31 - 38 - 0 - -28)?
10
What is the value of 3 + 10 + (-7 - 9) + (-10 - -4) + 71?
62
What is the value of 35 + -16 + -16 - (1 - -9)?
-7
Calculate 11 + 2 + 1 - (-73 - -86).
1
What is the value of (133 - 122 - (64 + -1)) + -10 + 2?
-60
What is -69 + 17 - (-12 + -9 + 22)?
-53
What is the value of 8 + (18 + -40 + 7 - -16 - 59)?
-50
Calculate -63 + 2 + (5 - (-6 + 3 + 12 + -1)).
-64
What is the value of 1 + (-73 - -7) - (61 - 66)?
-60
Evaluate (41 + -2 - (61 - 20)) + (65 - (0 - 0)).
63
What is the value of (24 + -10 - 4) + (-2 - (47 - (11 - 6)))?
-34
Calculate (-20 + 18 - 11) + 23 + 10.
20
What is the value of -145 + 0 + (-101 - -176)?
-70
What is the value of -15 + -30 + 30 + 49?
34
What is the value of 22 - (88 + -74) - (-1 + 38)?
-29
What is (196 - 155) + -98 + 41?
-16
Calculate 0 - (5 + -2 + 1) - (41 + -109 + 0).
64
-12 + -17 + (4 - 10) - -1
-34
Evaluate 1 + 1 + (19 - 17) + -18 + (7 - 3).
-10
What is the value of 10 + (52 - 25) - 55?
-18
What is the value of -1 + -1 + 5 - (168 + -168 - (19 + -100))?
-78
What is the value of -1 - -65 - (1553 + -1471)?
-18
What is the value of 33 - (-14 + (8 + (19 - 11) - 11) - 3)?
45
What is the value of -123 + (-29 + 7 + 21 - -18) - 12?
-118
120 - (-50 + 41) - 251
-122
1 + (2 - 1) - (340 + -326)
-12
What is the value of 7 - (-4 - 1) - (-18 + (34 - 26))?
22
(2 - 30) + 35 + 33 + -159
-119
What is -14113 + 14160 - (-29 - -1 - 1)?
76
3 + -36 + (4 - (10 - (6 + -5)) - -8)
-30
Evaluate (-154 - (-387 - -202)) + 1 + -111.
-79
Evaluate -24 + (16 - -14) + 0 + (-2 - 3).
1
Calculate 85 + (-59 + -66 - -65).
25
1 - 32 - -30 - -35
34
Evaluate -5 - (67 - 3) - (-21 - -20 - -1).
-69
Evaluate -9288 - -9279 - (-3 + (-1 - (-2 + 2 + -3))).
-8
Evaluate -5 + 9 + (-10 + -26 - 43).
-75
What is 6 - (3 + -4 + (3 - (9 + -13)))?
0
-138 - (-3 - (-1 + (8 + -32 - -22)))
-138
Evaluate (29 - 15) + 13 - 23.
4
Evaluate 11 + 1 - (805 - 843) - 14.
36
(-10 - (-17 - (-11 + -2 + 3))) + -59
-62
Evaluate 88 + -7 - (-2 - 